visor of x and 360?
72
Let b(d) = -d**2 - 26*d - 141. Let x be b(-16). What is the highest common divisor of 817 and x?
19
Let k = 387 + -363. Calculate the highest common divisor of 624 and k.
24
Suppose -2*v + 4*r + 23 = -389, 0 = -5*v - 5*r + 1060. Let n = -64 + 106. Calculate the greatest common divisor of n and v.
42
Let t be (-72 - -3) + (-6)/(-3). Let p = 78 + t. Calculate the highest common divisor of p and 11.
11
Let z(g) = 7*g**2 - 23*g + 198. Let b be z(8). What is the highest common divisor of b and 176?
22
Suppose -23 = 5*t + 12. Let k be (t/4)/(1/(-76)). Suppose 2*c + 41 - k = 0. What is the highest common divisor of 69 and c?
23
Let x = 743 + -573. Calculate the greatest common divisor of 30 and x.
10
Let t be 339/15 + 2/5. What is the highest common factor of t and 299?
23
Let h be 4 - (6*(-5)/(-15) + -30). What is the highest common divisor of h and 88?
8
Let y(n) = n**2 + 2*n - 7. Let b be y(-5). Let d be (-794)/14 - b/28. Let x = -37 - d. Calculate the highest common factor of x and 100.
20
Let k be (28/8 + -4)*2 + 4. Suppose -23 = 4*q - 3, 3*q = -k*s + 255. What is the highest common factor of s and 18?
18
Suppose -3*s - 30 = -4*n + 48, -4*n - 4*s = -64. Suppose -2*z + 28 = -2*q, 25*q - 24*q = 4. Calculate the highest common divisor of z and n.
18
Suppose 5*z - 375 = -0*z. Let i(m) = -16*m + 286. Let d be i(16). Calculate the greatest common divisor of d and z.
15
Let s be 1 - 0 - 781/(-11). What is the highest common factor of 468 and s?
36
Let w = -86 + 69. Let i = 27 + w. Calculate the greatest common divisor of i and 2.
2
Suppose 4*y + 4*x - 312 = 0, 81 = y + 5*x + 11. Calculate the greatest common divisor of 40 and y.
40
Let x(r) = -32*r**2 - 14*r - 4. Let c be x(-3). Let q = c - -634. Calculate the greatest common divisor of 48 and q.
48
Suppose 0 = -3*t - 2*x + 52, t + 5*x = 10*x + 23. Calculate the highest common divisor of t and 144.
18
Let d(t) be the second derivative of -t**4/12 + 3*t**3/2 - 3*t**2 + 25*t. Let x = 5 - -1. Let r be d(x). Calculate the highest common divisor of 30 and r.
6
Let r = 1311 + -1251. What is the highest common factor of r and 108?
12
Let k be (6/4)/(1/50). Let i be (-55)/(-7) - (-42)/(-49). Suppose i*t + 13*t - 500 = 0. Calculate the highest common divisor of t and k.
25
Suppose 75 = -2*g + 7*g. Suppose 6 - g = -3*q. Let f be (4/q)/((-2)/(-9)). What is the greatest common divisor of 30 and f?
6
Let a = -3 + 16. Suppose -239 = z + 5*y, -z - 313 = -y - 56. Let w = -176 - z. Calculate the greatest common factor of w and a.
13
Suppose -4*k = -0*y + 5*y - 68, 4*k - 20 = -y. What is the highest common factor of y and 20?
4
Let i(b) = 2*b**2 + 8*b + 98. Let a be i(-8). What is the greatest common factor of a and 9?
9
Let h be 78/24 + (-2)/8. Let b = 0 + h. Suppose -2*g - 17 = -3*g + s, 3*s = -b*g + 27. Calculate the highest common divisor of g and 52.
13
Let r(a) = -9*a + 12. Let t be r(12). Let s = t + 109. Calculate the highest common divisor of 143 and s.
13
Let k(f) = 48*f**2 - 36*f - 90. Let g be k(-3). Calculate the highest common factor of 54 and g.
18
Let a be (-94)/(-20) + 1 + 1557/5190. Suppose -4*p = -457 + 73. Calculate the greatest common factor of p and a.
6
Suppose 6 = -18*r + 294. What is the greatest common factor of r and 272?
16
Let g be 8 - 1 - 15/5. Suppose 3*w - 36 = -3*k, 4*k + 19 = 3*w + g. Let q be -7 + w + (23 - -2). What is the greatest common divisor of 9 and q?
9
Let h be 2 + 36/(-15) - (-17)/5. Let i be ((-15)/(-2))/(h/18). What is the highest common divisor of i and 9?
9
Let r be -2 + (431 - (-8 - -5)). Suppose 16*f = -0*f + r. Calculate the greatest common divisor of f and 18.
9
Suppose 2*z + 4*o = 172, 5*o = z - 73 - 48. Calculate the highest common divisor of 6 and z.
6
Let h = 65 - 46. Let u = 24 - h. Suppose 0 = -5*j + 15, 25 - u = 4*q - 4*j. What is the greatest common divisor of q and 64?
8
Let o(q) = 32 - 15*q**2 - q + q + 19*q + q**3 - 5*q**2. Let t be o(19). What is the greatest common factor of 4 and t?
4
Let m be (-4)/(-6) + (-20)/(-6). Suppose m*v = v + 120. Let x be ((-108)/30)/((-6)/v). Calculate the highest common divisor of x and 72.
24
Suppose 4*v = 20, -5*i = -5*v + 5 - 0. Suppose x + x = -10, -5*r + 100 = -i*x. Let h be (5/(-2) + 1)*-96. Calculate the highest common factor of r and h.
16
Let c = 319 - 263. What is the highest common factor of 7 and c?
7
Suppose 0 = -5*j + j + 60. Let t = -695 + 830. What is the greatest common factor of j and t?
15
Let k(h) = h - 4. Let p be k(6). Let r = 174 + -36. Suppose 141*f - r*f = 66. What is the greatest common divisor of f and p?
2
Suppose 4*p = -4, -3*u - u + 87 = -3*p. Let c be (-672)/(-49) + 3*2/u. What is the greatest common factor of 266 and c?
14
Let n = 64 + -51. Suppose 258 + 67 = 5*f. Calculate the highest common divisor of f and n.
13
Suppose 3966*c - 3975*c = -198. Calculate the greatest common factor of c and 814.
22
Let c(l) = -5*l + 92. Let y be c(-11). Calculate the greatest common divisor of y and 49.
49
Let z(b) = b**3 - 15*b**2 - 12*b + 20. Let g be z(16). Calculate the highest common divisor of g and 36.
12
Let m be (-7)/35 - (-158)/(-10). Let q(z) = z**2 + 9*z + 23. Let y be q(m). What is the greatest common factor of 15 and y?
15
Suppose 3*j = -15, 0 = 8*h - 3*h + 2*j - 85. Suppose 0*l - b + 285 = 2*l, 0 = 2*b - 10. Let x = -83 + l. Calculate the highest common divisor of x and h.
19
Let g(j) = 3*j**2 + 4*j - 1. Let o be g(-3). Suppose -o = 5*v - 3*v. Let i be 0 - -4 - 14/v. Calculate the highest common divisor of 15 and i.
3
Suppose 176*r - 178*r + 8 = 0. Let j = 79 - r. What is the highest common divisor of 45 and j?
15
Suppose 0*v - 4*v = -476. Calculate the highest common factor of 34 and v.
17
Suppose 0 = -3*t - j - 6 + 246, 0 = 5*t + 2*j - 400. Let s(v) = -3*v - 23. Let c be s(-11). What is the greatest common divisor of c and t?
10
Let n(t) = -t**3 - 5*t**2 - 2*t - 1. Let p be n(-5). Suppose -m + 492 = 5*o, 2*o - 2*m - 157 - 47 = 0. Calculate the highest common factor of o and p.
9
Suppose 5*j = 5*i + 1015, -j = -0*i + 3*i - 223. Calculate the greatest common divisor of 24 and j.
8
Let g(j) = 3*j**2 + 10*j + 28. Let v be g(-4). Calculate the greatest common factor of v and 27.
9
Let n(b) = b**3 - 2*b**2 - b. Let d be n(3). Suppose d*k = 8*k - 164. Let i = k - 30. What is the greatest common divisor of i and 13?
13
Let x = -716 - -1157. What is the highest common divisor of x and 9?
9
Suppose 0 = 5*j + 5*a - 40, 2*j + a = -3*a + 22. Suppose -6 = -k - 2, -128 = j*w - 2*k. Let f = 72 - w. What is the greatest common divisor of f and 12?
12
Let d(t) be the second derivative of t**3/6 + 13*t**2/2 - 2*t. Let l be d(-5). What is the highest common factor of l and 1?
1
Suppose 130 = 226*p - 213*p. What is the greatest common divisor of 440 and p?
10
Let w(r) = -75*r + 54*r + 1 + 2. Let x be w(-5). Calculate the highest common factor of x and 72.
36
Let b = -24 + 53. Let f = -42 - -274. Suppose 10*z + f = 11*z. What is the highest common divisor of b and z?
29
Let l = 101 - 111. Let t be (-4)/l - 288/(-30). Calculate the greatest common factor of 190 and t.
10
Suppose 2*g + 126 = 5*g. Suppose -8 = -2*a - z - 4*z, -2*z = -a + 22. Calculate the greatest common divisor of a and g.
14
Suppose 5*y - 330 - 90 = 0. Let i = -8 - -20. What is the greatest common factor of y and i?
12
Let o be (-10)/10*-1*3. Calculate the highest common divisor of 19 and o.
1
Let l be 0/(-7 - -15) + 175. What is the greatest common divisor of 140 and l?
35
Let f be (-1 - -5)*(5 + (-306)/24). Let m = f + 49. Calculate the highest common divisor of m and 2.
2
Let f be (-3 - 15)*(-2)/(-3). Let o = 8 - f. Let q = 69 + -49. What is the highest common divisor of o and q?
20
Let h = -686 + 694. Suppose 5*n + 4*r = 676, 3*n - 318 - 95 = 5*r. Calculate the highest common divisor of h and n.
8
Let y be (-1)/((-4)/(-5) - 1). Suppose 11 = f + 23*j - 24*j, 0 = 4*f + 2*j - 50. Let h = f + y. Calculate the highest common divisor of 153 and h.
17
Let f(x) = 16*x**2 + 7*x + 3. Let k be f(4). Let t = 407 - k. What is the greatest common divisor of t and 30?
30
Let t(n) = -n**2 - 13*n + 17. Let q be t(-14). Suppose 3*p - 4*x = 33, 0 = -5*p - q*x - 0*x + 26. Calculate the highest common factor of 42 and p.
7
Let o be (28/10